{"id":53,"date":"2024-09-25T20:07:00","date_gmt":"2024-09-25T20:07:00","guid":{"rendered":"https:\/\/www.berapid.pt\/wp65\/?page_id=53"},"modified":"2024-09-25T20:32:36","modified_gmt":"2024-09-25T20:32:36","slug":"mudancas","status":"publish","type":"page","link":"https:\/\/www.berapid.pt\/wp65\/mudancas\/","title":{"rendered":"Mudan\u00e7as"},"content":{"rendered":"\t\t<div data-elementor-type=\"wp-page\" data-elementor-id=\"53\" class=\"elementor elementor-53\">\n\t\t\t\t<div class=\"elementor-element elementor-element-7034441 e-flex e-con-boxed e-con e-parent\" data-id=\"7034441\" data-element_type=\"container\">\n\t\t\t\t\t<div class=\"e-con-inner\">\n\t\t\t\t<div class=\"elementor-element elementor-element-a767017 elementor-widget elementor-widget-text-editor\" data-id=\"a767017\" data-element_type=\"widget\" data-widget_type=\"text-editor.default\">\n\t\t\t\t<div class=\"elementor-widget-container\">\n\t\t\t\t\t\t\t<h1 class=\"font_8 wixui-rich-text__text\"><span class=\"wixui-rich-text__text\">Mudan\u00e7as<\/span><\/h1><p class=\"font_8 wixui-rich-text__text\"><span class=\"wixui-rich-text__text\">Executamos todo o tipo de mudan\u00e7as a resid\u00eancias particulares e empresas.<\/span><\/p><p class=\"font_8 wixui-rich-text__text\"><span class=\"wixui-rich-text__text\">Providenciamos o acondicionamento dos objectos transportados.<\/span><\/p><p class=\"font_8 wixui-rich-text__text\"><span class=\"wixui-rich-text__text\">Este servi\u00e7o, est\u00e1 sujeito a or\u00e7amento mediante a quantidade de objetos a transportar, o n\u00famero de ajudantes necess\u00e1rios e os km\u2019s a percorrer.\u00a0<\/span><\/p>\t\t\t\t\t\t<\/div>\n\t\t\t\t<\/div>\n\t\t\t\t\t<\/div>\n\t\t\t\t<\/div>\n\t\t<div class=\"elementor-element elementor-element-d04dc63 e-flex e-con-boxed e-con e-parent\" data-id=\"d04dc63\" data-element_type=\"container\">\n\t\t\t\t\t<div class=\"e-con-inner\">\n\t\t<div class=\"elementor-element elementor-element-8c9495f e-con-full e-flex e-con e-child\" data-id=\"8c9495f\" data-element_type=\"container\">\n\t\t\t\t<div class=\"elementor-element elementor-element-0c9578a elementor-align-center elementor-widget elementor-widget-button\" data-id=\"0c9578a\" data-element_type=\"widget\" data-widget_type=\"button.default\">\n\t\t\t\t<div class=\"elementor-widget-container\">\n\t\t\t\t\t<div class=\"elementor-button-wrapper\">\n\t\t\t<a class=\"elementor-button elementor-button-link elementor-size-sm\" href=\"https:\/\/www.berapid.pt\/wp65\/orcamento-gratis\/\">\n\t\t\t\t\t\t<span class=\"elementor-button-content-wrapper\">\n\t\t\t\t\t\t<span class=\"elementor-button-icon\">\n\t\t\t\t<svg aria-hidden=\"true\" class=\"e-font-icon-svg e-fas-motorcycle\" viewBox=\"0 0 640 512\" xmlns=\"http:\/\/www.w3.org\/2000\/svg\"><path d=\"M512.9 192c-14.9-.1-29.1 2.3-42.4 6.9L437.6 144H520c13.3 0 24-10.7 24-24V88c0-13.3-10.7-24-24-24h-45.3c-6.8 0-13.3 2.9-17.8 7.9l-37.5 41.7-22.8-38C392.2 68.4 384.4 64 376 64h-80c-8.8 0-16 7.2-16 16v16c0 8.8 7.2 16 16 16h66.4l19.2 32H227.9c-17.7-23.1-44.9-40-99.9-40H72.5C59 104 47.7 115 48 128.5c.2 13 10.9 23.5 24 23.5h56c24.5 0 38.7 10.9 47.8 24.8l-11.3 20.5c-13-3.9-26.9-5.7-41.3-5.2C55.9 194.5 1.6 249.6 0 317c-1.6 72.1 56.3 131 128 131 59.6 0 109.7-40.8 124-96h84.2c13.7 0 24.6-11.4 24-25.1-2.1-47.1 17.5-93.7 56.2-125l12.5 20.8c-27.6 23.7-45.1 58.9-44.8 98.2.5 69.6 57.2 126.5 126.8 127.1 71.6.7 129.8-57.5 129.2-129.1-.7-69.6-57.6-126.4-127.2-126.9zM128 400c-44.1 0-80-35.9-80-80s35.9-80 80-80c4.2 0 8.4.3 12.5 1L99 316.4c-8.8 16 2.8 35.6 21 35.6h81.3c-12.4 28.2-40.6 48-73.3 48zm463.9-75.6c-2.2 40.6-35 73.4-75.5 75.5-46.1 2.5-84.4-34.3-84.4-79.9 0-21.4 8.4-40.8 22.1-55.1l49.4 82.4c4.5 7.6 14.4 10 22 5.5l13.7-8.2c7.6-4.5 10-14.4 5.5-22l-48.6-80.9c5.2-1.1 10.5-1.6 15.9-1.6 45.6-.1 82.3 38.2 79.9 84.3z\"><\/path><\/svg>\t\t\t<\/span>\n\t\t\t\t\t\t\t\t\t<span class=\"elementor-button-text\">Solicitar um or\u00e7amento Gr\u00e1tis<\/span>\n\t\t\t\t\t<\/span>\n\t\t\t\t\t<\/a>\n\t\t<\/div>\n\t\t\t\t<\/div>\n\t\t\t\t<\/div>\n\t\t\t\t<\/div>\n\t\t<div class=\"elementor-element elementor-element-0ce606a e-con-full e-flex e-con e-child\" data-id=\"0ce606a\" data-element_type=\"container\">\n\t\t\t\t<div class=\"elementor-element elementor-element-49b8edb elementor-widget elementor-widget-image\" data-id=\"49b8edb\" data-element_type=\"widget\" data-widget_type=\"image.default\">\n\t\t\t\t<div class=\"elementor-widget-container\">\n\t\t\t\t\t\t\t\t\t\t\t\t\t<img fetchpriority=\"high\" decoding=\"async\" width=\"300\" height=\"220\" src=\"https:\/\/www.berapid.pt\/wp65\/wp-content\/uploads\/2024\/09\/berapid4-300x220.webp\" class=\"attachment-medium size-medium wp-image-24\" alt=\"\" srcset=\"https:\/\/www.berapid.pt\/wp65\/wp-content\/uploads\/2024\/09\/berapid4-300x220.webp 300w, https:\/\/www.berapid.pt\/wp65\/wp-content\/uploads\/2024\/09\/berapid4.webp 579w\" sizes=\"(max-width: 300px) 100vw, 300px\" \/>\t\t\t\t\t\t\t\t\t\t\t\t\t<\/div>\n\t\t\t\t<\/div>\n\t\t\t\t<\/div>\n\t\t\t\t\t<\/div>\n\t\t\t\t<\/div>\n\t\t\t\t<\/div>\n\t\t","protected":false},"excerpt":{"rendered":"<p>Mudan\u00e7as Executamos todo o tipo de mudan\u00e7as a resid\u00eancias particulares e empresas. Providenciamos o acondicionamento dos objectos transportados. Este servi\u00e7o, est\u00e1 sujeito a or\u00e7amento mediante a quantidade de objetos a transportar, o n\u00famero de ajudantes necess\u00e1rios e os km\u2019s a<\/p>\n","protected":false},"author":1,"featured_media":0,"parent":0,"menu_order":0,"comment_status":"closed","ping_status":"closed","template":"","meta":{"footnotes":""},"class_list":["post-53","page","type-page","status-publish","hentry"],"_links":{"self":[{"href":"https:\/\/www.berapid.pt\/wp65\/wp-json\/wp\/v2\/pages\/53"}],"collection":[{"href":"https:\/\/www.berapid.pt\/wp65\/wp-json\/wp\/v2\/pages"}],"about":[{"href":"https:\/\/www.berapid.pt\/wp65\/wp-json\/wp\/v2\/types\/page"}],"author":[{"embeddable":true,"href":"https:\/\/www.berapid.pt\/wp65\/wp-json\/wp\/v2\/users\/1"}],"replies":[{"embeddable":true,"href":"https:\/\/www.berapid.pt\/wp65\/wp-json\/wp\/v2\/comments?post=53"}],"version-history":[{"count":7,"href":"https:\/\/www.berapid.pt\/wp65\/wp-json\/wp\/v2\/pages\/53\/revisions"}],"predecessor-version":[{"id":93,"href":"https:\/\/www.berapid.pt\/wp65\/wp-json\/wp\/v2\/pages\/53\/revisions\/93"}],"wp:attachment":[{"href":"https:\/\/www.berapid.pt\/wp65\/wp-json\/wp\/v2\/media?parent=53"}],"curies":[{"name":"wp","href":"https:\/\/api.w.org\/{rel}","templated":true}]}}